?
True
Let g be 3*((-246)/9 - -2). Let f be (-1)/4 - (-1349)/g. Is (-2853)/f + 1/(-2) a prime number?
False
Suppose 0 = 5*v + 2*v - 3*v. Suppose p + 130 - 461 = v. Is p a prime number?
True
Suppose -17*b = -90478 - 84639. Is b prime?
True
Suppose 299 = -x + 1637. Is x - ((-9)/(-6))/((-6)/(-4)) composite?
True
Suppose -2763 - 749 = -3*g + 4*p, p - 1173 = -g. Is g/(-6)*(-2)/4*3 a prime number?
True
Let q be (-2)/13 + (-304)/52. Let k be 2 + 0 - q/(-6). Let j(u) = 237*u**3 - u + 1. Is j(k) prime?
False
Let h = -24125 + 44718. Is h a prime number?
True
Suppose -2 = -4*y - 5*z, 3*z + 3 = -y - 0*z. Suppose y*h + 3 = 4*h. Suppose -h*i + 241 = -224. Is i a composite number?
True
Let v(p) = -8 - 5*p + 0 + 6 - p**2. Let o be v(-4). Suppose o*m + 1645 = 7*m. Is m a composite number?
True
Suppose -3*k + 16 = 5*c, 3*k + 14 = -0*c + c. Suppose 2366 = b - 5*y, 5*b - c*y - 11852 = -2*y. Is b prime?
True
Let c(p) = 4*p**2 + 31*p - 226. Is c(29) composite?
True
Let p(v) = 3*v - 226*v**3 - 3*v**2 - 1 - 3*v - 3*v. Is p(-2) a prime number?
True
Let s(v) = -47*v**3 + 3*v - 1. Let x be ((-24)/20)/(8/20). Is s(x) composite?
False
Let s = -1 + 10. Suppose -s*j + 14*j = 0. Suppose 7*o - 3*o - 248 = j. Is o prime?
False
Let v = 10408 + 14029. Is v a composite number?
True
Let i be (18/36)/((-1)/(-6)). Suppose -5*x = 4*d + 3, -2*d - 2*x = x + i. Let w(b) = b**3 + b**2 + 1. Is w(d) a composite number?
False
Suppose -3*l + 471 = -4*a + 12, -5*l - a = -788. Let q = l + -90. Is q composite?
False
Suppose -4 = 4*i + 4, -3*i = 4*h - 6. Let w(l) = 99*l - 2. Is w(h) composite?
True
Let l(p) = 4587*p**2 - 10*p + 9. Is l(1) a composite number?
True
Let h(y) = y**3 - 12*y**2 - 7*y + 4. Let o be h(14). Let r = -75 + o. Is r prime?
True
Let j(y) = 7 + 0*y**2 + 2 + y**2 - 5*y. Let o be 6/21 + (-116)/14. Is j(o) prime?
True
Let v be (4540/(-25))/(-3 - (-42)/15). Let s = v - 589. Is s a composite number?
True
Let k be (24246/36)/(2/4). Suppose 2*x = -x + k. Is x prime?
True
Suppose 4*u + 2*u + 12 = 0. Let v(d) = d**3 + 4*d**2 + 2*d - 2. Let k be v(u). Let h(i) = 8*i**3 - i**2 + 4*i - 3. Is h(k) composite?
True
Let k be 6/27 - 554/(-18). Suppose -34*j + k*j + 447 = 0. Is j prime?
True
Let l(j) = -j - 2. Let q be l(-3). Suppose -2*x - q = -37. Suppose -16*y - 638 = -x*y. Is y prime?
False
Suppose 4*b = 20, 5 = -3*w + 2*b + 2*b. Is 1 + w/(5/978) a prime number?
False
Suppose 3*q + 4*x = 8249, q + 5486 = 3*q - 4*x. Is q prime?
False
Let r be -3 + (-8)/(-10) + (-3366)/(-55). Suppose -r*b + 1354 = -57*b. Is b a composite number?
False
Suppose -6*q = -3*v - 2*q + 16, 4*v - 20 = 4*q. Suppose 0 = v*b + 5*l - 10795, -3*b + 8095 = -2*l + 6*l. Is b a prime number?
False
Let f be (-8)/2 + (11 - -5). Is 3238 - (4 - 8)/f*3 composite?
True
Let b(h) = 752*h**2 - h + 8. Is b(-3) a prime number?
True
Suppose -9 = 3*w, -6*d + 3*d + 4*w - 129 = 0. Let q = 181 + d. Is q a composite number?
True
Suppose -2*v + l = v - 4, 5*v - 5*l = 10. Suppose 5 = 2*o - v, 3*o = n - 56. Is n a prime number?
False
Let s be ((-167)/3)/(-1)*66 + 3. Suppose -1432 = 5*j - s. Is j a prime number?
True
Let m = -68486 - -100579. Is m composite?
True
Suppose -2*p - 34 = 2*v, -p - 13 = 3*v + 8. Let m be 15/p*-1*5. Suppose -m*y = -4*f + 212 + 172, 0 = -5*y - 20. Is f prime?
False
Let i(o) be the second derivative of 1/2*o**2 + 0 - 1/2*o**5 + 0*o**4 + 11*o + 2/3*o**3. Is i(-3) prime?
False
Suppose -14*r = -41913 - 2873. Is r a composite number?
True
Suppose 0 = -v - 2*o - o + 2357, -5*o = 3*v - 7059. Suppose v = m + 5*p, 5*m + 9326 = 9*m - 2*p. Is m composite?
False
Let u = -645 + 143. Let s be (-299)/(4/8*2). Let g = s - u. Is g a prime number?
False
Let i = -1389 + 2196. Is i prime?
False
Let g be (-138)/(-2) - (-2 + 2). Let a be 0/(2 - (-1)/((-1)/3)). Suppose a*z - g = -z. Is z a composite number?
True
Suppose -28 - 72 = -5*l. Let f(k) = 83*k + 13. Is f(l) composite?
True
Let x(r) = -83*r**3 - 2*r**2 - 86*r**3 - 8 + r + 171*r**3. Is x(6) prime?
False
Let c(d) = 6*d**2 - 44*d + 13. Is c(18) prime?
False
Let x(p) = 3075*p + 584. Is x(5) a prime number?
True
Let p(v) = 2 + 63*v**2 + 7*v**3 - 32*v**2 - 2*v - 29*v**2. Let d be p(2). Suppose -5*k = -d - 133. Is k a prime number?
False
Suppose 2*w = -n + 3950, -2*n = w - 1298 - 683. Is w a prime number?
True
Let h be (-7 - -3 - -5)/(1/11). Suppose u + 15290 = h*u. Is u prime?
False
Let q = 2 - 2. Suppose -3*r + 4*p = -1683, q*r + 5*p = r - 572. Is r a prime number?
True
Let h(f) = 163*f - 310. Is h(27) prime?
True
Let p = -34 + 45. Let b = -33 - -57. Let o = b - p. Is o a prime number?
True
Suppose -21*g + 12*g = -14841. Is g a composite number?
True
Let c be (-2 + 3)/(4/(-24)). Is 2 - -410 - c/(-2) a composite number?
False
Let z be 172 + (-6)/(-3) - (-9)/(-3). Suppose -3*p = -2*g - z, 0*p + 4*p - 3*g = 227. Is p a composite number?
False
Suppose -48*x + 44*x + 44 = 0. Suppose -20259 = -x*m + 2*m. Is m prime?
True
Let f = 12655 + -7473. Is f a composite number?
True
Suppose 4*l = 4120 + 5644. Is l composite?
False
Let i(v) = -3362*v**3 - v**2 + 4*v + 5. Is i(-2) a composite number?
True
Suppose 0 = -4*n - 2899 - 773. Let h = n + 1439. Is h prime?
True
Let i be 0*(0 + 2/(-6)). Suppose i = b + 1 - 2. Suppose -b = f - 8. Is f a prime number?
True
Let q(w) = 35*w + 1. Let j be (-5 + 4)*(0 - -3). Let t = 0 - j. Is q(t) a prime number?
False
Is (-12)/2 - (3 - (33834 + 2)) prime?
True
Suppose -5*k - 14 = 4*u, 5*u - 2*u = 4*k - 26. Is (1 + u/4)*-2518 a prime number?
True
Suppose 54*v - 21375 = 51*v - 3*i, 3*i = 2*v - 14230. Is v a composite number?
False
Let r = 7566 - 2289. Is r prime?
False
Let r(i) = 12*i**2 - 8*i - 5. Let w(k) = k**3 + 4*k**2 + 4*k + 3. Let s be w(-4). Let z = s - -8. Is r(z) a composite number?
True
Let t(n) = -n**3 - 3*n**2 + 10*n + 11. Let w be t(-8). Suppose -3 = 4*v - w. Let r = -13 + v. Is r composite?
True
Suppose 2*x = d - 14, 19 = 2*d - 3*x + 2*x. Let r be 9/(-6) - (-412)/d. Suppose 56 = 2*s - r. Is s a prime number?
True
Let x(b) = -8 - b**3 + 4*b + 0*b**3 + b**2 + 3. Suppose 5*p - u + 0*u + 22 = 0, 0 = p + 4*u - 4. Is x(p) a composite number?
False
Suppose -235*z + 223*z = -5028. Is z prime?
True
Let z(s) = s**3 - 8*s**2 + 9*s - 9. Let l be z(7). Let y = 10 - l. Suppose -20 = y*k - 1025. Is k prime?
False
Let c be (5 + (-22)/4)*-10. Suppose c*s + 2585 = 11590. Is s a composite number?
False
Let i = -13 - -15. Is (21/9 - i)/((-4)/(-16332)) a composite number?
False
Let x(j) = 12*j**3 - 9*j**2 + 14*j - 7. Is x(4) a prime number?
True
Suppose -27*f = -24*f - 5400. Is (f/56 - 6) + (-1)/7 a prime number?
False
Let j(f) = 179*f**2 + 7*f + 15. Is j(-2) composite?
True
Let m(s) = 44*s**2 + 3*s - 73. Is m(-8) prime?
True
Is 44/(-110) + (-84854)/(-10) composite?
True
Let v be 2*-1 - 0/3. Let q be 0 + (-18)/(-3) - v. Suppose 2*m + q = a, -3*m - m + 34 = 3*a. Is a a composite number?
True
Let u be 30/(-264)*-28 - 2/11. Is ((-2)/2)/(3*u/(-1683)) a composite number?
True
Let j(k) = 2*k**2 + 14*k + 17. Let i be j(-6). Suppose -4*r + r - 414 = -3*v, -i*v - 5*r + 730 = 0. Is v composite?
True
Let m(n) = n**2 + 2*n + 4. Let o be m(-6). Is 6/21 + 25164/o prime?
False
Suppose -45*x + 42*x = -408. Suppose -7*y - 6 = -5*y, 0 = k + y - x. Is k composite?
False
Let y = 886 - 299. Is y a composite number?
False
Suppose -64152 = -3*x - x - 4*t, -4*x + 2*t + 64122 = 0. Is x a prime number?
True
Let g(v) = 767*v**3 - 14*v + 23. Is g(2) prime?
True
Let n be (-162)/12 - 3/(-2). Is 3 + (-3)/(n/1024) composite?
True
Let v(d) be the third derivative of d**6/120 + d**5/60 + 11*d**4/24 - d**3 - 6*d**2. Let o(j) be the first derivative of v(j). Is o(-10) prime?
False
Suppose 4*h = -a + 16 - 59, -4*h = -5*a - 95. Is (-6)/((-12)/(-10))*a a composite number?
True
Let x be (-7840)/(-8)*32*1. Suppose -3*z - 3*h - 12313 = -x, 25396 = 4*z + 5*h. Is z a prime number?
False
Let d(j) = -8464*j**2 + 6*j - 6. Let n(b) = 1693*b**2 - b + 1. Let g(i) = 2*d(i) + 11*n(i). Is g(-1) a prime number?
True
Let a be 6/(-8) - 285/(-60). Suppose -2*n + 3*n - 1075 = 5*o, 5*n - a*o - 5291 = 0. Is n a composite number?
True
Suppose -2*i = s, -1 = -2*i - 2*s - 5. Suppose 156 = i*x + x. Suppose x = a - 3*h, -3*h - h = 3*a - 91. Is a composite?
False
Let l(u) be the first derivative of u**3/3 - 15*u**2/2 + 35*u - 12. Is l(-18)